{"id":111,"date":"2016-04-07T11:30:38","date_gmt":"2016-04-07T09:30:38","guid":{"rendered":"http:\/\/www.schulezumroemerturm.de\/wordpress\/?page_id=111"},"modified":"2020-04-03T12:33:17","modified_gmt":"2020-04-03T10:33:17","slug":"krankengymnastik","status":"publish","type":"page","link":"https:\/\/www.schulezumroemerturm.de\/index.php\/krankengymnastik\/","title":{"rendered":"Krankengymnastik"},"content":{"rendered":"<p style=\"text-align: justify;\"><img loading=\"lazy\" decoding=\"async\" class=\" wp-image-1060 alignleft\" src=\"http:\/\/www.schulezumroemerturm.de\/wp-content\/uploads\/2016\/04\/KG.Gorna_-225x300.jpg\" alt=\"KG.Gorna\" width=\"181\" height=\"242\" srcset=\"https:\/\/www.schulezumroemerturm.de\/wp-content\/uploads\/2016\/04\/KG.Gorna_-225x300.jpg 225w, https:\/\/www.schulezumroemerturm.de\/wp-content\/uploads\/2016\/04\/KG.Gorna_-768x1024.jpg 768w, https:\/\/www.schulezumroemerturm.de\/wp-content\/uploads\/2016\/04\/KG.Gorna_.jpg 1200w\" sizes=\"auto, (max-width: 181px) 100vw, 181px\" \/>Die Sch\u00fcler\/innen haben die M\u00f6glichkeit, innerhalb der Unterrichtszeit auf Rezeptbasis krankengymnastisch behandelt zu werden. Dazu stehen der Schule Zum R\u00f6merturm zwei durch den Rhein-Erft-Kreis umfassend ausgestattete Behandlungsr\u00e4ume sowie ein Wassertherapiebecken zur Verf\u00fcgung.<\/p>\n<p style=\"text-align: justify;\">Das Krankengymnastik-Team besteht zur Zeit aus zwei Krankengymnastinnen (KG&#8217;s) mit voller Stundenzahl und einem Kollegen aus einer freien Praxis.<br \/>\nAufgabe der kreisangestellten Krankengymnastinnen ist neben der Krankengymnastik die Planung und Umsetzung der therapeutischen Konzeption. Daf\u00fcr wird f\u00fcr jeden Therapeuten ein Wochenplan erstellt, der mit den Stundenpl\u00e4nen der Klassen abgestimmt wird.<\/p>\n<p style=\"text-align: justify;\">Von den Krankengymnastinnen, die an der Schule Zum R\u00f6merturm t\u00e4tig sind, wird neben der Therapie eine Betreuung angeboten, welche Hilfsmittelversorgung und den Kontakt mit Eltern, Lehrer\/innen und \u00c4rzten umfasst. Dazu geh\u00f6rt sowohl die Teilnahme an Schulveranstaltungen, als auch \u00a0an Teamgespr\u00e4chen unter den KG&#8217;s.<\/p>\n<p style=\"text-align: justify;\"><img loading=\"lazy\" decoding=\"async\" class=\"alignright wp-image-1058\" src=\"http:\/\/www.schulezumroemerturm.de\/wp-content\/uploads\/2016\/04\/KG.Lappe_-300x225.jpg\" alt=\"KG.Lappe\" width=\"243\" height=\"182\" srcset=\"https:\/\/www.schulezumroemerturm.de\/wp-content\/uploads\/2016\/04\/KG.Lappe_-300x225.jpg 300w, https:\/\/www.schulezumroemerturm.de\/wp-content\/uploads\/2016\/04\/KG.Lappe_-1024x768.jpg 1024w, https:\/\/www.schulezumroemerturm.de\/wp-content\/uploads\/2016\/04\/KG.Lappe_.jpg 1600w\" sizes=\"auto, (max-width: 243px) 100vw, 243px\" \/>Das Schuljahr beginnt mit der Feststellung des Therapiebedarfs. Dazu werden die Kinder untersucht, Akten gelesen sowie Gespr\u00e4che mit Eltern, Lehrer\/innen und Mitarbeiter\/innen der zuvor besuchten Einrichtung gef\u00fchrt.<\/p>\n<p style=\"text-align: justify;\">Die F\u00f6rderung muss sich am Entwicklungsstand des jeweiligen Sch\u00fclers bzw. der jeweiligen Sch\u00fclerin orientieren. In Absprache mit Lehrer\/innen soll die Krankengymnastik eine notwendige und sinnvolle Erg\u00e4nzung zur schulischen und h\u00e4uslichen F\u00f6rderung sein. Es werden Sch\u00fcler\/innen mit verschiedenen St\u00f6rungsbildern behandelt z.B. durch neurophysiologische oder orthop\u00e4dische Krankengymnastik (Kr\u00e4ftigung, Dehnung, Gangschule) oder durch Psychomotorik. Die F\u00f6rderung orientiert sich dabei nicht nur am motorischen sondern auch am kognitiven Entwicklungsstand des einzelnen Sch\u00fclers bzw. der einzelnen Sch\u00fclerin.<\/p>\n<p style=\"text-align: justify;\">Auf Wunsch der Eltern \u00fcbernehmen die KG&#8217;s in Zusammenarbeit mit Sanit\u00e4tsh\u00e4usern die Hilfsmittelversorgung und tragen zur Entscheidung bei, welche Hilfen f\u00fcr die Therapie und im Alltag zur Unterst\u00fctzung n\u00f6tig sind. Dazu geh\u00f6ren:<\/p>\n<p style=\"text-align: justify;\">&#8211; Rollst\u00fchle<\/p>\n<p style=\"text-align: justify;\">&#8211; Schienen<\/p>\n<p style=\"text-align: justify;\">&#8211; Stehbretter<\/p>\n<p style=\"text-align: justify;\">&#8211; Einlagen<\/p>\n<p style=\"text-align: justify;\">&#8211; Schuhe<\/p>\n<p style=\"text-align: justify;\">&#8211; Gehhilfen<\/p>\n<p style=\"text-align: justify;\">&#8211; Sitzanpassungen im Unterricht (Sitzart, Sitzh\u00f6he, Halterungen)<\/p>\n<p style=\"text-align: justify;\">&#8211; Lagerung von Sch\u00fcler\/innen mit schwerer Behinderung<\/p>\n<p style=\"text-align: justify;\">&#8211; Hilfestellungen bei der Nahrungsaufnahme<\/p>\n<p style=\"text-align: justify;\">Die Krankengymnastinnen fr\u00fchst\u00fccken, essen und reichen Nahrung in den Klassen an, begleiten bei Ausfl\u00fcgen und Klassenfahrten und f\u00fchren Therapien im Rahmen des Schulschwimmens (Einzelf\u00f6rderung, K\u00f6rperpflege, An- und Ausziehen) durch. Au\u00dferdem nehmen sie an Lehrerkonferenzen und P\u00e4dagogischen Konferenzen teil.<\/p>\n<p style=\"text-align: justify;\">Wichtig ist, dass die Krankengymnastinnen in der Schule und in den Klassen integriert sind. Der h\u00e4ufige Kontakt auch au\u00dferhalb der Therapie erm\u00f6glicht eine gute Einsch\u00e4tzung der Situation der Sch\u00fcler\/innen sowie eine Vertrauensbasis zwischen Kindern, Mitarbeiter\/innen der Schule und Therapeuten. Diese Vertrautheit wirkt sich besonders an einer F\u00f6rderschule mit dem F\u00f6rderschwerpunkt &#8222;Geistige Entwicklung&#8220; sehr positiv aus.<\/p>\n","protected":false},"excerpt":{"rendered":"<p>Die Sch\u00fcler\/innen haben die M\u00f6glichkeit, innerhalb der Unterrichtszeit auf Rezeptbasis krankengymnastisch behandelt zu werden. Dazu stehen der Schule Zum R\u00f6merturm zwei durch den Rhein-Erft-Kreis umfassend ausgestattete Behandlungsr\u00e4ume sowie ein Wassertherapiebecken zur Verf\u00fcgung. Das Krankengymnastik-Team besteht zur Zeit aus zwei Krankengymnastinnen (KG&#8217;s) mit voller Stundenzahl und einem Kollegen aus einer freien Praxis. Aufgabe der kreisangestellten Krankengymnastinnen &hellip; <a href=\"https:\/\/www.schulezumroemerturm.de\/index.php\/krankengymnastik\/\" class=\"more-link\"><span class=\"screen-reader-text\">Krankengymnastik<\/span> weiterlesen <span class=\"meta-nav\">&rarr;<\/span><\/a><\/p>\n","protected":false},"author":2,"featured_media":0,"parent":0,"menu_order":0,"comment_status":"closed","ping_status":"closed","template":"","meta":{"footnotes":""},"class_list":["post-111","page","type-page","status-publish","hentry"],"_links":{"self":[{"href":"https:\/\/www.schulezumroemerturm.de\/index.php\/wp-json\/wp\/v2\/pages\/111","targetHints":{"allow":["GET"]}}],"collection":[{"href":"https:\/\/www.schulezumroemerturm.de\/index.php\/wp-json\/wp\/v2\/pages"}],"about":[{"href":"https:\/\/www.schulezumroemerturm.de\/index.php\/wp-json\/wp\/v2\/types\/page"}],"author":[{"embeddable":true,"href":"https:\/\/www.schulezumroemerturm.de\/index.php\/wp-json\/wp\/v2\/users\/2"}],"replies":[{"embeddable":true,"href":"https:\/\/www.schulezumroemerturm.de\/index.php\/wp-json\/wp\/v2\/comments?post=111"}],"version-history":[{"count":10,"href":"https:\/\/www.schulezumroemerturm.de\/index.php\/wp-json\/wp\/v2\/pages\/111\/revisions"}],"predecessor-version":[{"id":3866,"href":"https:\/\/www.schulezumroemerturm.de\/index.php\/wp-json\/wp\/v2\/pages\/111\/revisions\/3866"}],"wp:attachment":[{"href":"https:\/\/www.schulezumroemerturm.de\/index.php\/wp-json\/wp\/v2\/media?parent=111"}],"curies":[{"name":"wp","href":"https:\/\/api.w.org\/{rel}","templated":true}]}}