{"id":114,"date":"2016-04-07T11:30:07","date_gmt":"2016-04-07T09:30:07","guid":{"rendered":"http:\/\/www.schulezumroemerturm.de\/wordpress\/?page_id=114"},"modified":"2019-05-03T12:07:37","modified_gmt":"2019-05-03T10:07:37","slug":"das-trainingsraumkonzept","status":"publish","type":"page","link":"https:\/\/www.schulezumroemerturm.de\/index.php\/das-trainingsraumkonzept\/","title":{"rendered":"Das Trainingsraumkonzept"},"content":{"rendered":"<p style=\"text-align: justify;\">Um den Sch\u00fcler\/innen sowie den Lehrpersonen an unserer Schule angemessenen Unterricht in st\u00f6rungsfreier Atmosph\u00e4re zu erm\u00f6glichen, f\u00fchrten wir im Schuljahr 2009\/2010 das Trainingsraum-Konzept ein.<\/p>\n<p style=\"text-align: justify;\">Es richtet sich an diejenigen Sch\u00fclerinnen und Sch\u00fcler, die \u00fcber ein gewisses Ma\u00df an Reflexionsf\u00e4higkeit verf\u00fcgen, sowie Sprach-, Symbol und Regelverst\u00e4ndnis mitbringen.<\/p>\n<p style=\"text-align: justify;\"><strong>Rechte im Unterricht<\/strong><\/p>\n<p style=\"text-align: justify;\">Ein zentraler Aspekt des Trainingsraumkonzeptes sind die Rechte, die Sch\u00fclerinnen und Sch\u00fclern sowie und Lehrerinnen und Lehrern zugebilligt werden m\u00fcssen, damit Schule funktioniert:<\/p>\n<ol>\n<li style=\"list-style-type: none;\">\n<ol>\n<li style=\"text-align: justify;\">Jede\/r Sch\u00fcler\/in hat das Recht, in Ruhe zu lernen, zu arbeiten und zu spielen<\/li>\n<\/ol>\n<\/li>\n<\/ol>\n<ul>\n<li style=\"text-align: justify;\">Jede\/r Lehrer\/in hat das Recht, in Ruhe zu unterrichten<\/li>\n<\/ul>\n<p><img loading=\"lazy\" decoding=\"async\" src=\"http:\/\/www.schulezumroemerturm.de\/wp-content\/uploads\/2016\/03\/rechte-TR2.jpg\" alt=\"Dieses Bild hat ein leeres Alt-Attribut. Der Dateiname ist rechte-TR2.jpg\" width=\"200\" height=\"203\" \/><img loading=\"lazy\" decoding=\"async\" src=\"http:\/\/www.schulezumroemerturm.de\/wp-content\/uploads\/2016\/03\/rechte-TR1.jpg\" alt=\"Dieses Bild hat ein leeres Alt-Attribut. Der Dateiname ist rechte-TR1.jpg\" width=\"203\" height=\"207\" \/><\/p>\n<p>\u00a0<\/p>\n<p><strong>Regeln f\u00fcr den Unterricht<\/strong><\/p>\n<p>Zur Umsetzung dieser Rechte dienen verbindliche Regeln:<\/p>\n<ul>\n<li>Ich bin freundlich zu meinen Mitsch\u00fcler\/innen und Lehrer\/innen<\/li>\n<li>Ich arbeite im Unterricht mit<\/li>\n<li>Ich verhalte mich ruhig in der Klasse<\/li>\n<\/ul>\n<p><img loading=\"lazy\" decoding=\"async\" src=\"http:\/\/www.schulezumroemerturm.de\/wp-content\/uploads\/2016\/03\/TR-ich-verhalte-mich-ruhig-in-der-klasse.jpg\" alt=\"Dieses Bild hat ein leeres Alt-Attribut. Der Dateiname ist TR-ich-verhalte-mich-ruhig-in-der-klasse.jpg\" width=\"144\" height=\"158\" \/><img loading=\"lazy\" decoding=\"async\" src=\"http:\/\/www.schulezumroemerturm.de\/wp-content\/uploads\/2016\/03\/TR-ich-gehe-freundlich-mit-Mitsch\u00fclern-um.jpg\" alt=\"Dieses Bild hat ein leeres Alt-Attribut. Der Dateiname ist TR-ich-gehe-freundlich-mit-Mitsch\u00fclern-um.jpg\" width=\"151\" height=\"165\" \/><img loading=\"lazy\" decoding=\"async\" src=\"http:\/\/www.schulezumroemerturm.de\/wp-content\/uploads\/2016\/03\/TR-ich-arbeite-im-Unterricht-mit.jpg\" alt=\"Dieses Bild hat ein leeres Alt-Attribut. Der Dateiname ist TR-ich-arbeite-im-Unterricht-mit.jpg\" width=\"139\" height=\"144\" \/><\/p>\n<p style=\"text-align: justify;\"><strong>Unsere Ziele<\/strong><\/p>\n<p style=\"text-align: justify;\">Das Trainingsraumkonzept der Schule Zum R\u00f6merturm hilft unter Ber\u00fccksichtigung der zugrunde liegenden Rechte und Regeln dabei:<\/p>\n<ul>\n<li style=\"list-style-type: none;\">\n<ul>\n<li style=\"text-align: justify;\">den betroffenen Sch\u00fclerinnen und Sch\u00fclern die genannten Unterrichtsst\u00f6rungen bewusst zu machen<\/li>\n<\/ul>\n<\/li>\n<\/ul>\n<ul>\n<li style=\"text-align: justify;\">individuelle Wege des Verst\u00e4ndnisses und der Pr\u00e4vention, beziehungsweise Intervention aufzuzeigen<\/li>\n<\/ul>\n<p>\u00a0<\/p>\n<ul>\n<li style=\"text-align: justify;\">langfristig eine Verhaltens\u00e4nderung der jeweiligen Sch\u00fclerinnen und Sch\u00fcler zu bewirken<\/li>\n<\/ul>\n<p>\u00a0<\/p>\n<ul>\n<li style=\"text-align: justify;\">eine Verbesserung der Unterrichtssituation f\u00fcr die in der Klasse verbleibenden Mitsch\u00fcler\/innen herzustellen<\/li>\n<\/ul>\n<p><img loading=\"lazy\" decoding=\"async\" src=\"http:\/\/www.schulezumroemerturm.de\/wp-content\/uploads\/2016\/03\/traininsraumgespr\u00e4ch.jpg\" alt=\"Dieses Bild hat ein leeres Alt-Attribut. Der Dateiname ist traininsraumgespr\u00e4ch.jpg\" width=\"211\" height=\"259\" \/><\/p>\n<p style=\"text-align: justify;\"><strong>Ablauf<\/strong><\/p>\n<p style=\"text-align: justify;\">Nach der \u00dcberweisung in den Trainingsraum, bespricht der\/die Sch\u00fcler\/in mit der anwesenden, \u201eneutralen\u201c Lehrperson in aller Ruhe, was vorgefallen ist, welche Regeln und\/oder wessen Rechte missachtet wurden. Danach erarbeiten sie gemeinsam einen \u201eR\u00fcckkehrplan\u201c, auf dem unter anderem festgehalten wird, was der Sch\u00fcler ab sofort besser machen kann, damit in Zukunft keine Regeln und Rechte verletzt werden.<\/p>\n\n\n<figure class=\"wp-block-image is-resized\"><img loading=\"lazy\" decoding=\"async\" src=\"http:\/\/www.schulezumroemerturm.de\/wp-content\/uploads\/2016\/03\/trainingsraumplan.jpg\" alt=\"\" class=\"wp-image-117\" width=\"308\" height=\"231\" srcset=\"https:\/\/www.schulezumroemerturm.de\/wp-content\/uploads\/2016\/03\/trainingsraumplan.jpg 966w, https:\/\/www.schulezumroemerturm.de\/wp-content\/uploads\/2016\/03\/trainingsraumplan-300x225.jpg 300w\" sizes=\"auto, (max-width: 308px) 100vw, 308px\" \/><\/figure>\n\n\n\n<p><\/p>\n","protected":false},"excerpt":{"rendered":"<p>Um den Sch\u00fcler\/innen sowie den Lehrpersonen an unserer Schule angemessenen Unterricht in st\u00f6rungsfreier Atmosph\u00e4re zu erm\u00f6glichen, f\u00fchrten wir im Schuljahr 2009\/2010 das Trainingsraum-Konzept ein. Es richtet sich an diejenigen Sch\u00fclerinnen und Sch\u00fcler, die \u00fcber ein gewisses Ma\u00df an Reflexionsf\u00e4higkeit verf\u00fcgen, sowie Sprach-, Symbol und Regelverst\u00e4ndnis mitbringen. Rechte im Unterricht Ein zentraler Aspekt des Trainingsraumkonzeptes sind &hellip; <a href=\"https:\/\/www.schulezumroemerturm.de\/index.php\/das-trainingsraumkonzept\/\" class=\"more-link\"><span class=\"screen-reader-text\">Das Trainingsraumkonzept<\/span> weiterlesen <span class=\"meta-nav\">&rarr;<\/span><\/a><\/p>\n","protected":false},"author":2,"featured_media":0,"parent":0,"menu_order":0,"comment_status":"closed","ping_status":"closed","template":"","meta":{"footnotes":""},"class_list":["post-114","page","type-page","status-publish","hentry"],"_links":{"self":[{"href":"https:\/\/www.schulezumroemerturm.de\/index.php\/wp-json\/wp\/v2\/pages\/114","targetHints":{"allow":["GET"]}}],"collection":[{"href":"https:\/\/www.schulezumroemerturm.de\/index.php\/wp-json\/wp\/v2\/pages"}],"about":[{"href":"https:\/\/www.schulezumroemerturm.de\/index.php\/wp-json\/wp\/v2\/types\/page"}],"author":[{"embeddable":true,"href":"https:\/\/www.schulezumroemerturm.de\/index.php\/wp-json\/wp\/v2\/users\/2"}],"replies":[{"embeddable":true,"href":"https:\/\/www.schulezumroemerturm.de\/index.php\/wp-json\/wp\/v2\/comments?post=114"}],"version-history":[{"count":17,"href":"https:\/\/www.schulezumroemerturm.de\/index.php\/wp-json\/wp\/v2\/pages\/114\/revisions"}],"predecessor-version":[{"id":2843,"href":"https:\/\/www.schulezumroemerturm.de\/index.php\/wp-json\/wp\/v2\/pages\/114\/revisions\/2843"}],"wp:attachment":[{"href":"https:\/\/www.schulezumroemerturm.de\/index.php\/wp-json\/wp\/v2\/media?parent=114"}],"curies":[{"name":"wp","href":"https:\/\/api.w.org\/{rel}","templated":true}]}}