{"id":184,"date":"2016-04-07T11:30:27","date_gmt":"2016-04-07T09:30:27","guid":{"rendered":"http:\/\/www.schulezumroemerturm.de\/wordpress\/?page_id=184"},"modified":"2020-04-06T10:58:08","modified_gmt":"2020-04-06T08:58:08","slug":"erziehungsvereinbarung","status":"publish","type":"page","link":"https:\/\/www.schulezumroemerturm.de\/index.php\/erziehungsvereinbarung\/","title":{"rendered":"Erziehungsvereinbarung"},"content":{"rendered":"<p style=\"text-align: justify;\">In der \u201eErziehungsvereinbarung\u201c verpflichten sich Eltern, Lehrpersonen sowie Sch\u00fclerinnen und Sch\u00fcler u. a. die Schulregeln einzuhalten. Im Sch\u00fclerrat, in der Schulpflegschaft und in der Lehrerkonferenz wurde die u.a. aktuelle Fassung im Vorfeld breit diskutiert, den Vorstellungen der einzelnen Gremien angepasst und einstimmig in der Schulkonferenz beschlossen.<\/p>\n<p style=\"text-align: justify;\">Allen an der Erziehung und Bildung beteiligten Personen soll mit der Vereinbarung bewusst gemacht werden, dass zur guten schulischen Schulbildung Verpflichtungen auf allen Seiten bestehen und gegenseitige Wertsch\u00e4tzung unabdingbare Voraussetzung ist.<\/p>\n<p style=\"text-align: justify;\">Neben den inhaltlichen Punkten der Vereinbarung, wird dort auch unser gemeinsames Menschenbild dargestellt. Die Sch\u00fclerinnen und Sch\u00fcler unterschreiben die Vereinbarung je nach Einsch\u00e4tzung der Eltern bzw. der Erziehungsberechtigten und der Lehrpersonen ab dem 4.\/5. Schulbesuchsjahr.<\/p>\n<p><img loading=\"lazy\" decoding=\"async\" class=\"alignnone wp-image-3893 size-full\" src=\"http:\/\/www.schulezumroemerturm.de\/wp-content\/uploads\/2020\/04\/Erziehungsvereinbarung.png\" alt=\"\" width=\"943\" height=\"1254\" srcset=\"https:\/\/www.schulezumroemerturm.de\/wp-content\/uploads\/2020\/04\/Erziehungsvereinbarung.png 943w, https:\/\/www.schulezumroemerturm.de\/wp-content\/uploads\/2020\/04\/Erziehungsvereinbarung-226x300.png 226w, https:\/\/www.schulezumroemerturm.de\/wp-content\/uploads\/2020\/04\/Erziehungsvereinbarung-770x1024.png 770w\" sizes=\"auto, (max-width: 943px) 100vw, 943px\" \/><\/p>\n<p style=\"text-align: justify;\"><a href=\"http:\/\/www.schulezumroemerturm.de\/wp-content\/uploads\/2020\/04\/Erziehungsvereinbarung-03-2020.pdf\">Download Erziehungsvereinbarung-03-2020<\/a><\/p>\n","protected":false},"excerpt":{"rendered":"<p>In der \u201eErziehungsvereinbarung\u201c verpflichten sich Eltern, Lehrpersonen sowie Sch\u00fclerinnen und Sch\u00fcler u. a. die Schulregeln einzuhalten. Im Sch\u00fclerrat, in der Schulpflegschaft und in der Lehrerkonferenz wurde die u.a. aktuelle Fassung im Vorfeld breit diskutiert, den Vorstellungen der einzelnen Gremien angepasst und einstimmig in der Schulkonferenz beschlossen. Allen an der Erziehung und Bildung beteiligten Personen soll &hellip; <a href=\"https:\/\/www.schulezumroemerturm.de\/index.php\/erziehungsvereinbarung\/\" class=\"more-link\"><span class=\"screen-reader-text\">Erziehungsvereinbarung<\/span> weiterlesen <span class=\"meta-nav\">&rarr;<\/span><\/a><\/p>\n","protected":false},"author":2,"featured_media":0,"parent":0,"menu_order":0,"comment_status":"closed","ping_status":"closed","template":"","meta":{"footnotes":""},"class_list":["post-184","page","type-page","status-publish","hentry"],"_links":{"self":[{"href":"https:\/\/www.schulezumroemerturm.de\/index.php\/wp-json\/wp\/v2\/pages\/184","targetHints":{"allow":["GET"]}}],"collection":[{"href":"https:\/\/www.schulezumroemerturm.de\/index.php\/wp-json\/wp\/v2\/pages"}],"about":[{"href":"https:\/\/www.schulezumroemerturm.de\/index.php\/wp-json\/wp\/v2\/types\/page"}],"author":[{"embeddable":true,"href":"https:\/\/www.schulezumroemerturm.de\/index.php\/wp-json\/wp\/v2\/users\/2"}],"replies":[{"embeddable":true,"href":"https:\/\/www.schulezumroemerturm.de\/index.php\/wp-json\/wp\/v2\/comments?post=184"}],"version-history":[{"count":8,"href":"https:\/\/www.schulezumroemerturm.de\/index.php\/wp-json\/wp\/v2\/pages\/184\/revisions"}],"predecessor-version":[{"id":3894,"href":"https:\/\/www.schulezumroemerturm.de\/index.php\/wp-json\/wp\/v2\/pages\/184\/revisions\/3894"}],"wp:attachment":[{"href":"https:\/\/www.schulezumroemerturm.de\/index.php\/wp-json\/wp\/v2\/media?parent=184"}],"curies":[{"name":"wp","href":"https:\/\/api.w.org\/{rel}","templated":true}]}}