{"id":366,"date":"2016-04-28T11:23:39","date_gmt":"2016-04-28T09:23:39","guid":{"rendered":"http:\/\/www.schulezumroemerturm.de\/wordpress\/?page_id=366"},"modified":"2016-04-28T11:25:29","modified_gmt":"2016-04-28T09:25:29","slug":"qualitaetsanalyse","status":"publish","type":"page","link":"https:\/\/www.schulezumroemerturm.de\/index.php\/qualitaetsanalyse\/","title":{"rendered":"Qualit\u00e4tsanalyse"},"content":{"rendered":"<p style=\"text-align: justify;\">Im Juni 2010 wurde an der Schule Zum R\u00f6merturm die Qualit\u00e4tsanalyse des Landes NRW als externe Evaluation durchgef\u00fchrt.<\/p>\n<p style=\"text-align: justify;\">Und dies sind im \u00dcberblick unsere hervorragenden Ergebnisse, die uns motivieren, unsere Arbeit wertzusch\u00e4tzen, aber trotzdem weiterzuentwickeln.<\/p>\n<figure id=\"attachment_367\" aria-describedby=\"caption-attachment-367\" style=\"width: 875px\" class=\"wp-caption alignnone\"><img loading=\"lazy\" decoding=\"async\" class=\"wp-image-367 size-full\" src=\"http:\/\/www.schulezumroemerturm.de\/wordpress\/wp-content\/uploads\/2016\/04\/qualtit\u00e4tsanalyse-ergebnisse.jpg\" alt=\"qualtit\u00e4tsanalyse-ergebnisse\" width=\"875\" height=\"1301\" srcset=\"https:\/\/www.schulezumroemerturm.de\/wp-content\/uploads\/2016\/04\/qualtit\u00e4tsanalyse-ergebnisse.jpg 875w, https:\/\/www.schulezumroemerturm.de\/wp-content\/uploads\/2016\/04\/qualtit\u00e4tsanalyse-ergebnisse-202x300.jpg 202w, https:\/\/www.schulezumroemerturm.de\/wp-content\/uploads\/2016\/04\/qualtit\u00e4tsanalyse-ergebnisse-689x1024.jpg 689w\" sizes=\"auto, (max-width: 875px) 100vw, 875px\" \/><figcaption id=\"caption-attachment-367\" class=\"wp-caption-text\">Ergebnisse der QA. Unsere Schulname lautete bis August 2010 noch Peter-Petersen-Schule, daher der Schriftzug \u00fcber den Ergebnissen.<\/figcaption><\/figure>\n","protected":false},"excerpt":{"rendered":"<p>Im Juni 2010 wurde an der Schule Zum R\u00f6merturm die Qualit\u00e4tsanalyse des Landes NRW als externe Evaluation durchgef\u00fchrt. Und dies sind im \u00dcberblick unsere hervorragenden Ergebnisse, die uns motivieren, unsere Arbeit wertzusch\u00e4tzen, aber trotzdem weiterzuentwickeln.<\/p>\n","protected":false},"author":2,"featured_media":0,"parent":0,"menu_order":0,"comment_status":"closed","ping_status":"closed","template":"","meta":{"footnotes":""},"class_list":["post-366","page","type-page","status-publish","hentry"],"_links":{"self":[{"href":"https:\/\/www.schulezumroemerturm.de\/index.php\/wp-json\/wp\/v2\/pages\/366","targetHints":{"allow":["GET"]}}],"collection":[{"href":"https:\/\/www.schulezumroemerturm.de\/index.php\/wp-json\/wp\/v2\/pages"}],"about":[{"href":"https:\/\/www.schulezumroemerturm.de\/index.php\/wp-json\/wp\/v2\/types\/page"}],"author":[{"embeddable":true,"href":"https:\/\/www.schulezumroemerturm.de\/index.php\/wp-json\/wp\/v2\/users\/2"}],"replies":[{"embeddable":true,"href":"https:\/\/www.schulezumroemerturm.de\/index.php\/wp-json\/wp\/v2\/comments?post=366"}],"version-history":[{"count":3,"href":"https:\/\/www.schulezumroemerturm.de\/index.php\/wp-json\/wp\/v2\/pages\/366\/revisions"}],"predecessor-version":[{"id":370,"href":"https:\/\/www.schulezumroemerturm.de\/index.php\/wp-json\/wp\/v2\/pages\/366\/revisions\/370"}],"wp:attachment":[{"href":"https:\/\/www.schulezumroemerturm.de\/index.php\/wp-json\/wp\/v2\/media?parent=366"}],"curies":[{"name":"wp","href":"https:\/\/api.w.org\/{rel}","templated":true}]}}