{"id":396,"date":"2016-05-04T15:07:47","date_gmt":"2016-05-04T13:07:47","guid":{"rendered":"http:\/\/www.schulezumroemerturm.de\/?page_id=396"},"modified":"2017-06-13T14:34:11","modified_gmt":"2017-06-13T12:34:11","slug":"sozialtraining","status":"publish","type":"page","link":"https:\/\/www.schulezumroemerturm.de\/index.php\/sozialtraining\/","title":{"rendered":"Sozialtraining"},"content":{"rendered":"<figure id=\"attachment_887\" aria-describedby=\"caption-attachment-887\" style=\"width: 300px\" class=\"wp-caption alignleft\"><img loading=\"lazy\" decoding=\"async\" class=\"wp-image-887 size-medium\" src=\"http:\/\/www.schulezumroemerturm.de\/wp-content\/uploads\/2016\/05\/sozialtraining_lubo_1-300x202.png\" alt=\"sozialtraining_lubo_1\" width=\"300\" height=\"202\" srcset=\"https:\/\/www.schulezumroemerturm.de\/wp-content\/uploads\/2016\/05\/sozialtraining_lubo_1-300x202.png 300w, https:\/\/www.schulezumroemerturm.de\/wp-content\/uploads\/2016\/05\/sozialtraining_lubo_1.png 423w\" sizes=\"auto, (max-width: 300px) 100vw, 300px\" \/><figcaption id=\"caption-attachment-887\" class=\"wp-caption-text\">Sch\u00fcler der Unterstufe 2 haben sichtlich Spa\u00df am Sozialtraining mit Lubo.<\/figcaption><\/figure>\n<p style=\"text-align: justify;\">Das Kollegium hat sich 2012 im Rahmen einer p\u00e4dagogischen Konferenz f\u00fcr das Programm &#8222;Lubo aus dem All&#8220;, als ein Baustein des Sozialtrainings in den Unterstufen, \u00a0entschieden.<\/p>\n<p style=\"text-align: justify;\">Lubo aus dem All ist ein Programm, mit dem soziale und emotionale Kompetenzen von Kindern trainiert werden. Es wurde an der Universit\u00e4t zu K\u00f6ln entwickelt, besteht aus 34 Unterrichtseinheiten und wird zwei- bis dreimal w\u00f6chentlich durchgef\u00fchrt. Innerhalb dieses Trainings bilden die Besuche von Lubo, einer Handpuppe, die Rahmenhandlung.<\/p>\n<p style=\"text-align: justify;\"><img loading=\"lazy\" decoding=\"async\" class=\"size-medium wp-image-1680 alignleft\" src=\"http:\/\/www.schulezumroemerturm.de\/wp-content\/uploads\/2016\/05\/IMG_0007-300x225.jpeg\" alt=\"\" width=\"300\" height=\"225\" srcset=\"https:\/\/www.schulezumroemerturm.de\/wp-content\/uploads\/2016\/05\/IMG_0007-300x225.jpeg 300w, https:\/\/www.schulezumroemerturm.de\/wp-content\/uploads\/2016\/05\/IMG_0007.jpeg 320w\" sizes=\"auto, (max-width: 300px) 100vw, 300px\" \/>Lubo ist ein kleiner Au\u00dferirdischer, der die Erde besucht. Nat\u00fcrlich ist alles neu und fremd f\u00fcr ihn. Er m\u00f6chte gerne Freunde finden und lernen, wie er sich richtig verh\u00e4lt. Bei seinem Besuch st\u00f6\u00dft Lubo immer wieder auf R\u00e4tsel und Probleme der menschlichen Gef\u00fchle und des Miteinanders: Was sind Gef\u00fchle? Was ist Wut? Was ist Freude? Und wie gehen die Menschen damit um? Die Sch\u00fclerinnen und Sch\u00fcler helfen Lubo, diese Probleme zu verstehen und zu l\u00f6sen.<\/p>\n<p style=\"text-align: justify;\"><img loading=\"lazy\" decoding=\"async\" class=\"size-medium wp-image-1681 alignright\" src=\"http:\/\/www.schulezumroemerturm.de\/wp-content\/uploads\/2016\/05\/IMG_0019-225x300.jpeg\" alt=\"\" width=\"225\" height=\"300\" srcset=\"https:\/\/www.schulezumroemerturm.de\/wp-content\/uploads\/2016\/05\/IMG_0019-225x300.jpeg 225w, https:\/\/www.schulezumroemerturm.de\/wp-content\/uploads\/2016\/05\/IMG_0019.jpeg 240w\" sizes=\"auto, (max-width: 225px) 100vw, 225px\" \/>Ein Kernst\u00fcck des Programms bildet dabei der Problemkreislauf. Er umfasst f\u00fcnf festgelegte Schritte:<\/p>\n<ul style=\"text-align: justify;\">\n<li>Was ist passiert?<\/li>\n<li>Wie f\u00fchle ich mich? Und du?<\/li>\n<li>Was m\u00f6chte ich?<\/li>\n<li>Was kann ich tun?<\/li>\n<li>Jetzt geht&#8217;s los!<\/li>\n<\/ul>\n<p style=\"text-align: justify;\">Neben und nach den Trainingsstunden, wird auch bei Problemen im Schulalltag versucht, anhand dieser Fragen gemeinsam eine L\u00f6sung zu finden.<\/p>\n","protected":false},"excerpt":{"rendered":"<p>Das Kollegium hat sich 2012 im Rahmen einer p\u00e4dagogischen Konferenz f\u00fcr das Programm &#8222;Lubo aus dem All&#8220;, als ein Baustein des Sozialtrainings in den Unterstufen, \u00a0entschieden. Lubo aus dem All ist ein Programm, mit dem soziale und emotionale Kompetenzen von Kindern trainiert werden. Es wurde an der Universit\u00e4t zu K\u00f6ln entwickelt, besteht aus 34 Unterrichtseinheiten &hellip; <a href=\"https:\/\/www.schulezumroemerturm.de\/index.php\/sozialtraining\/\" class=\"more-link\"><span class=\"screen-reader-text\">Sozialtraining<\/span> weiterlesen <span class=\"meta-nav\">&rarr;<\/span><\/a><\/p>\n","protected":false},"author":2,"featured_media":0,"parent":0,"menu_order":0,"comment_status":"closed","ping_status":"closed","template":"","meta":{"footnotes":""},"class_list":["post-396","page","type-page","status-publish","hentry"],"_links":{"self":[{"href":"https:\/\/www.schulezumroemerturm.de\/index.php\/wp-json\/wp\/v2\/pages\/396","targetHints":{"allow":["GET"]}}],"collection":[{"href":"https:\/\/www.schulezumroemerturm.de\/index.php\/wp-json\/wp\/v2\/pages"}],"about":[{"href":"https:\/\/www.schulezumroemerturm.de\/index.php\/wp-json\/wp\/v2\/types\/page"}],"author":[{"embeddable":true,"href":"https:\/\/www.schulezumroemerturm.de\/index.php\/wp-json\/wp\/v2\/users\/2"}],"replies":[{"embeddable":true,"href":"https:\/\/www.schulezumroemerturm.de\/index.php\/wp-json\/wp\/v2\/comments?post=396"}],"version-history":[{"count":4,"href":"https:\/\/www.schulezumroemerturm.de\/index.php\/wp-json\/wp\/v2\/pages\/396\/revisions"}],"predecessor-version":[{"id":1682,"href":"https:\/\/www.schulezumroemerturm.de\/index.php\/wp-json\/wp\/v2\/pages\/396\/revisions\/1682"}],"wp:attachment":[{"href":"https:\/\/www.schulezumroemerturm.de\/index.php\/wp-json\/wp\/v2\/media?parent=396"}],"curies":[{"name":"wp","href":"https:\/\/api.w.org\/{rel}","templated":true}]}}