{"id":4168,"date":"2020-08-26T14:42:47","date_gmt":"2020-08-26T12:42:47","guid":{"rendered":"http:\/\/www.schulezumroemerturm.de\/?page_id=4168"},"modified":"2023-09-11T19:44:54","modified_gmt":"2023-09-11T17:44:54","slug":"schulcloud-anleitungen-fuer-eltern","status":"publish","type":"page","link":"https:\/\/www.schulezumroemerturm.de\/index.php\/schulcloud-anleitungen-fuer-eltern\/","title":{"rendered":"SchulCloud Anleitungen f\u00fcr Eltern"},"content":{"rendered":"<p style=\"text-align: justify;\">Hier finden Sie einige Videos, die Ihnen die Nutzung der SchulCloud vereinfachen sollen. Bisher ist die Anzahl noch recht \u00fcbersichtlich. Im Laufe der Zeit sollen hier aber immer mehr Videos online gestellt werden. Sollten Sie einen Wunsch f\u00fcr ein Video haben, so schreiben Sie gerne eine Email an: <a href=\"mailto:niko.stremlau@schulezumroemerturm.de\">niko.stremlau@schulezumroemerturm.de\u00a0<\/a><\/p>\n<p>&nbsp;<\/p>\n<ol>\n<li><strong>So registriere ich mich das erste Mal f\u00fcr die SchulCloud<\/strong><\/li>\n<\/ol>\n<p><iframe loading=\"lazy\" title=\"Registrierung bei der SchulCloud Eltern\" width=\"474\" height=\"267\" src=\"https:\/\/www.youtube.com\/embed\/v9Q4C4kL1dw?feature=oembed\" frameborder=\"0\" allow=\"accelerometer; autoplay; clipboard-write; encrypted-media; gyroscope; picture-in-picture; web-share\" referrerpolicy=\"strict-origin-when-cross-origin\" allowfullscreen><\/iframe><\/p>\n<p><strong>2. So melde ich mich bei der SchulCloud an.<\/strong><\/p>\n<p><iframe loading=\"lazy\" title=\"Anmeldung Schulcloud Eltern_2\" width=\"474\" height=\"267\" src=\"https:\/\/www.youtube.com\/embed\/DBAbBh65K6o?feature=oembed\" frameborder=\"0\" allow=\"accelerometer; autoplay; clipboard-write; encrypted-media; gyroscope; picture-in-picture; web-share\" referrerpolicy=\"strict-origin-when-cross-origin\" allowfullscreen><\/iframe><\/p>\n<p><strong>3. Erste Schritte mit der SchulCloud<\/strong><\/p>\n<p><iframe loading=\"lazy\" title=\"Erste Schritte mit der SchulCloud f\u00fcr Eltern\" width=\"474\" height=\"267\" src=\"https:\/\/www.youtube.com\/embed\/jPFKfFp1SDY?feature=oembed\" frameborder=\"0\" allow=\"accelerometer; autoplay; clipboard-write; encrypted-media; gyroscope; picture-in-picture; web-share\" referrerpolicy=\"strict-origin-when-cross-origin\" allowfullscreen><\/iframe><\/p>\n<p><strong id=\"zwei\">4. Ich habe meine Passw\u00f6rter vergessen &#8211; was jetzt?<\/strong><\/p>\n<ul>\n<li>Bei der Anmeldung k\u00f6nnen Sie die Funktion \u201eKennwort vergessen\u201c ausw\u00e4hlen. Sie bekommen dann eine E-Mail geschickt und k\u00f6nnen dann ein neues Passwort festlegen (siehe Video unten).<\/li>\n<li>Haben Sie sich mit dem neuen Passwort angemeldet, wissen aber nun Ihr Verschl\u00fcsselungspasswort nicht, dann lesen Sie weiter bei Situation 5.<\/li>\n<\/ul>\n<p><iframe loading=\"lazy\" title=\"So erneuert man die Passw\u00f6rter f\u00fcr die SchulCloud\" width=\"474\" height=\"267\" src=\"https:\/\/www.youtube.com\/embed\/pm4bEfMBRYw?feature=oembed\" frameborder=\"0\" allow=\"accelerometer; autoplay; clipboard-write; encrypted-media; gyroscope; picture-in-picture; web-share\" referrerpolicy=\"strict-origin-when-cross-origin\" allowfullscreen><\/iframe><\/p>\n<p><strong>5. Sie k\u00f6nnen sich zwar mit Ihren Zugangspasswort anmelden, wissen aber Ihr Verschl\u00fcsselungspasswort nicht mehr.<\/strong><\/p>\n<ul>\n<li>Klicken Sie nach der Anmeldung einfach auf \u201eVerschl\u00fcsselungskennwort vergessen?\u201c und folgen Sie den Anweisungen.<\/li>\n<li>Das Anfordern der neuen Schl\u00fcssel Ihrer Gespr\u00e4chspartner funktioniert mit einem Klick auf die entsprechenden Kn\u00f6pfe, die Ihnen in der App automatisch gezeigt werden. Bis Sie alles wieder richtig lesen k\u00f6nnen, m\u00fcssen Sie aber warten, denn Ihre Gespr\u00e4chspartner m\u00fcssen jetzt auch auf einen Knopf klicken.<\/li>\n<\/ul>\n<p><strong>6. Sie wissen Ihre E-Mail-Adresse nicht mehr?<\/strong><\/p>\n<ul>\n<li>Schreiben Sie eine E-Mail an\u00a0<a href=\"mailto:niko.stremlau@schulezumroemerturm.de\">niko.stremlau@schulezumroemerturm.de<\/a> wir k\u00f6nnen nachschlagen, mit welcher Adresse Sie sich angemeldet haben.<\/li>\n<li>Wir k\u00f6nnen diese Adresse aber NICHT \u00e4ndern. Leider m\u00fcssen Sie daf\u00fcr bei Punkt 7 weiterlesen.<\/li>\n<\/ul>\n<p><strong>7. Sie haben keinen Zugriff mehr auf Ihre E-Mail-Adresse?<\/strong><\/p>\n<ul>\n<li>Wenn Sie noch Zugang zur Schul.Cloud haben, dann k\u00f6nnen Sie in Ihren Profileinstellungen Ihre E-Mail-Adresse auf die neue E-Mail-Adresse \u00e4ndern. Gl\u00fcck gehabt.<\/li>\n<li>Wenn Sie keinen Zugang mehr zur Schul.Cloud haben, dann ist Ihr Konto nun leider verloren. Wenden Sie sich an <a href=\"mailto:niko.stremlau@schulezumroemerturm.de\">niko.stremlau@schulezumroemerturm.de<\/a>\u00a0damit das alte Konto gel\u00f6scht und ein neues angelegt werden kann.<\/li>\n<\/ul>\n","protected":false},"excerpt":{"rendered":"<p>Hier finden Sie einige Videos, die Ihnen die Nutzung der SchulCloud vereinfachen sollen. Bisher ist die Anzahl noch recht \u00fcbersichtlich. Im Laufe der Zeit sollen hier aber immer mehr Videos online gestellt werden. Sollten Sie einen Wunsch f\u00fcr ein Video haben, so schreiben Sie gerne eine Email an: niko.stremlau@schulezumroemerturm.de\u00a0 &nbsp; So registriere ich mich das &hellip; <a href=\"https:\/\/www.schulezumroemerturm.de\/index.php\/schulcloud-anleitungen-fuer-eltern\/\" class=\"more-link\"><span class=\"screen-reader-text\">SchulCloud Anleitungen f\u00fcr Eltern<\/span> weiterlesen <span class=\"meta-nav\">&rarr;<\/span><\/a><\/p>\n","protected":false},"author":2,"featured_media":0,"parent":0,"menu_order":0,"comment_status":"closed","ping_status":"closed","template":"","meta":{"footnotes":""},"class_list":["post-4168","page","type-page","status-publish","hentry"],"_links":{"self":[{"href":"https:\/\/www.schulezumroemerturm.de\/index.php\/wp-json\/wp\/v2\/pages\/4168","targetHints":{"allow":["GET"]}}],"collection":[{"href":"https:\/\/www.schulezumroemerturm.de\/index.php\/wp-json\/wp\/v2\/pages"}],"about":[{"href":"https:\/\/www.schulezumroemerturm.de\/index.php\/wp-json\/wp\/v2\/types\/page"}],"author":[{"embeddable":true,"href":"https:\/\/www.schulezumroemerturm.de\/index.php\/wp-json\/wp\/v2\/users\/2"}],"replies":[{"embeddable":true,"href":"https:\/\/www.schulezumroemerturm.de\/index.php\/wp-json\/wp\/v2\/comments?post=4168"}],"version-history":[{"count":11,"href":"https:\/\/www.schulezumroemerturm.de\/index.php\/wp-json\/wp\/v2\/pages\/4168\/revisions"}],"predecessor-version":[{"id":5707,"href":"https:\/\/www.schulezumroemerturm.de\/index.php\/wp-json\/wp\/v2\/pages\/4168\/revisions\/5707"}],"wp:attachment":[{"href":"https:\/\/www.schulezumroemerturm.de\/index.php\/wp-json\/wp\/v2\/media?parent=4168"}],"curies":[{"name":"wp","href":"https:\/\/api.w.org\/{rel}","templated":true}]}}